{"id":268,"date":"2021-07-07T12:20:29","date_gmt":"2021-07-07T12:20:29","guid":{"rendered":"http:\/\/integraltransformator.com\/?page_id=268"},"modified":"2021-07-08T20:09:49","modified_gmt":"2021-07-08T20:09:49","slug":"yenilenebilir-enerji-sistemleri","status":"publish","type":"page","link":"https:\/\/integraltransformator.com\/index.php\/yenilenebilir-enerji-sistemleri\/","title":{"rendered":"Yenilenebilir Enerji Sistemleri"},"content":{"rendered":"\n<div class=\"wp-block-cover has-background-dim\"><img loading=\"lazy\" decoding=\"async\" width=\"800\" height=\"440\" class=\"wp-block-cover__image-background wp-image-470\" alt=\"\" src=\"https:\/\/integraltransformator.com\/wp-content\/uploads\/2021\/07\/cati.jpg\" data-object-fit=\"cover\" srcset=\"https:\/\/integraltransformator.com\/wp-content\/uploads\/2021\/07\/cati.jpg 800w, https:\/\/integraltransformator.com\/wp-content\/uploads\/2021\/07\/cati-300x165.jpg 300w, https:\/\/integraltransformator.com\/wp-content\/uploads\/2021\/07\/cati-768x422.jpg 768w\" sizes=\"auto, (max-width: 800px) 100vw, 800px\" \/><div class=\"wp-block-cover__inner-container is-layout-flow wp-block-cover-is-layout-flow\">\n<p class=\"has-text-align-center has-large-font-size\">\u00c7<strong>at\u0131n\u0131zdaki Enerji Hepimize yeter<\/strong><\/p>\n<\/div><\/div>\n\n\n\n<p>Fotovoltaik teknolojisi, G\u00fcne\u015f\u2019ten gelen \u0131\u015f\u0131nlar\u0131n yar\u0131 iletkenlerin \u00fczerine d\u00fc\u015fmesiyle fotonlar\u0131n enerjisinin elektrik enerjisine d\u00f6n\u00fc\u015ft\u00fcr\u00fclmesidir. Her ge\u00e7en g\u00fcn geli\u015fen bu teknoloji ile fotovoltaik sistemler daha yayg\u0131n hale gelmekte ve kurulu g\u00fc\u00e7 kapasitesi h\u0131zla artmaktad\u0131r. S\u00fcrd\u00fcr\u00fclebilir bir D\u00fcnya i\u00e7in kullan\u0131lan enerji kaynaklar\u0131n\u0131n do\u011faya zarar vermemesi, bir di\u011fer tabirle \u00e7evre dostu olmas\u0131 gerekmektedir. Yenilenebilir bir enerji kayna\u011f\u0131 olan g\u00fcne\u015f enerjisi ile sera gaz\u0131 sal\u0131n\u0131m\u0131 b\u00fcy\u00fck \u00f6l\u00e7\u00fcde azalt\u0131lmaktad\u0131r. Bu sistemlerde kullan\u0131lan enerjinin kayna\u011f\u0131 G\u00fcne\u015f oldu\u011fu i\u00e7in bedava, sonsuz, g\u00fcr\u00fclt\u00fcs\u00fcz ve temiz bir kaynaktan elektrik enerjisi \u00fcretilir. G\u00fcne\u015f Enerjisi Santralleri \u00e7evre dostu bir elektrik kayna\u011f\u0131 olmakla beraber yap\u0131lan yat\u0131r\u0131m\u0131n geri d\u00f6n\u00fc\u015f s\u00fcresinin de k\u0131sa olmas\u0131yla yat\u0131r\u0131mc\u0131lar\u0131n i\u015ftah\u0131n\u0131 kabartmaktad\u0131r. \u015eebekeden ba\u011f\u0131ms\u0131z sistemlerin kolay kurulabilir olmalar\u0131 sebebiyle, elektri\u011fin olmad\u0131\u011f\u0131 \u00fccra yerlerde elektri\u011fe eri\u015fim imk\u00e2n\u0131 sa\u011flamaktad\u0131r.<\/p>\n","protected":false},"excerpt":{"rendered":"<p>Fotovoltaik teknolojisi, G\u00fcne\u015f\u2019ten gelen \u0131\u015f\u0131nlar\u0131n yar\u0131 iletkenlerin \u00fczerine d\u00fc\u015fmesiyle fotonlar\u0131n enerjisinin elektrik enerjisine d\u00f6n\u00fc\u015ft\u00fcr\u00fclmesidir. Her ge\u00e7en g\u00fcn geli\u015fen bu teknoloji ile fotovoltaik sistemler daha yayg\u0131n hale gelmekte ve kurulu g\u00fc\u00e7 kapasitesi h\u0131zla artmaktad\u0131r. S\u00fcrd\u00fcr\u00fclebilir bir D\u00fcnya i\u00e7in kullan\u0131lan enerji kaynaklar\u0131n\u0131n do\u011faya zarar vermemesi, bir di\u011fer tabirle \u00e7evre dostu olmas\u0131 gerekmektedir. Yenilenebilir bir enerji kayna\u011f\u0131 olan [&hellip;]<\/p>\n","protected":false},"author":1,"featured_media":0,"parent":0,"menu_order":0,"comment_status":"closed","ping_status":"closed","template":"","meta":{"om_disable_all_campaigns":false,"_monsterinsights_skip_tracking":false,"_monsterinsights_sitenote_active":false,"_monsterinsights_sitenote_note":"","_monsterinsights_sitenote_category":0,"site-sidebar-layout":"default","site-content-layout":"default","ast-site-content-layout":"default","site-content-style":"default","site-sidebar-style":"default","ast-global-header-display":"","ast-banner-title-visibility":"","ast-main-header-display":"","ast-hfb-above-header-display":"","ast-hfb-below-header-display":"","ast-hfb-mobile-header-display":"","site-post-title":"","ast-breadcrumbs-content":"","ast-featured-img":"","footer-sml-layout":"","ast-disable-related-posts":"","theme-transparent-header-meta":"default","adv-header-id-meta":"","stick-header-meta":"","header-above-stick-meta":"","header-main-stick-meta":"","header-below-stick-meta":"","astra-migrate-meta-layouts":"default","ast-page-background-enabled":"default","ast-page-background-meta":{"desktop":{"background-color":"","background-image":"","background-repeat":"repeat","background-position":"center center","background-size":"auto","background-attachment":"scroll","background-type":"","background-media":"","overlay-type":"","overlay-color":"","overlay-opacity":"","overlay-gradient":""},"tablet":{"background-color":"","background-image":"","background-repeat":"repeat","background-position":"center center","background-size":"auto","background-attachment":"scroll","background-type":"","background-media":"","overlay-type":"","overlay-color":"","overlay-opacity":"","overlay-gradient":""},"mobile":{"background-color":"","background-image":"","background-repeat":"repeat","background-position":"center center","background-size":"auto","background-attachment":"scroll","background-type":"","background-media":"","overlay-type":"","overlay-color":"","overlay-opacity":"","overlay-gradient":""}},"ast-content-background-meta":{"desktop":{"background-color":"var(--ast-global-color-5)","background-image":"","background-repeat":"repeat","background-position":"center center","background-size":"auto","background-attachment":"scroll","background-type":"","background-media":"","overlay-type":"","overlay-color":"","overlay-opacity":"","overlay-gradient":""},"tablet":{"background-color":"var(--ast-global-color-5)","background-image":"","background-repeat":"repeat","background-position":"center center","background-size":"auto","background-attachment":"scroll","background-type":"","background-media":"","overlay-type":"","overlay-color":"","overlay-opacity":"","overlay-gradient":""},"mobile":{"background-color":"var(--ast-global-color-5)","background-image":"","background-repeat":"repeat","background-position":"center center","background-size":"auto","background-attachment":"scroll","background-type":"","background-media":"","overlay-type":"","overlay-color":"","overlay-opacity":"","overlay-gradient":""}},"footnotes":""},"class_list":["post-268","page","type-page","status-publish","hentry"],"aioseo_notices":[],"yoast_head":"<!-- This site is optimized with the Yoast SEO plugin v27.3 - https:\/\/yoast.com\/product\/yoast-seo-wordpress\/ -->\n<title>Yenilenebilir Enerji Sistemleri -<\/title>\n<meta name=\"robots\" content=\"index, follow, max-snippet:-1, max-image-preview:large, max-video-preview:-1\" \/>\n<link rel=\"canonical\" href=\"https:\/\/integraltransformator.com\/index.php\/yenilenebilir-enerji-sistemleri\/\" \/>\n<meta property=\"og:locale\" content=\"tr_TR\" \/>\n<meta property=\"og:type\" content=\"article\" \/>\n<meta property=\"og:title\" content=\"Yenilenebilir Enerji Sistemleri -\" \/>\n<meta property=\"og:description\" content=\"Fotovoltaik teknolojisi, G\u00fcne\u015f\u2019ten gelen \u0131\u015f\u0131nlar\u0131n yar\u0131 iletkenlerin \u00fczerine d\u00fc\u015fmesiyle fotonlar\u0131n enerjisinin elektrik enerjisine d\u00f6n\u00fc\u015ft\u00fcr\u00fclmesidir. Her ge\u00e7en g\u00fcn geli\u015fen bu teknoloji ile fotovoltaik sistemler daha yayg\u0131n hale gelmekte ve kurulu g\u00fc\u00e7 kapasitesi h\u0131zla artmaktad\u0131r. S\u00fcrd\u00fcr\u00fclebilir bir D\u00fcnya i\u00e7in kullan\u0131lan enerji kaynaklar\u0131n\u0131n do\u011faya zarar vermemesi, bir di\u011fer tabirle \u00e7evre dostu olmas\u0131 gerekmektedir. Yenilenebilir bir enerji kayna\u011f\u0131 olan [&hellip;]\" \/>\n<meta property=\"og:url\" content=\"https:\/\/integraltransformator.com\/index.php\/yenilenebilir-enerji-sistemleri\/\" \/>\n<meta property=\"article:modified_time\" content=\"2021-07-08T20:09:49+00:00\" \/>\n<meta property=\"og:image\" content=\"http:\/\/integraltransformator.com\/wp-content\/uploads\/2021\/07\/cati.jpg\" \/>\n<meta name=\"twitter:card\" content=\"summary_large_image\" \/>\n<meta name=\"twitter:label1\" content=\"Tahmini okuma s\u00fcresi\" \/>\n\t<meta name=\"twitter:data1\" content=\"1 dakika\" \/>\n<script type=\"application\/ld+json\" class=\"yoast-schema-graph\">{\"@context\":\"https:\\\/\\\/schema.org\",\"@graph\":[{\"@type\":\"WebPage\",\"@id\":\"https:\\\/\\\/integraltransformator.com\\\/index.php\\\/yenilenebilir-enerji-sistemleri\\\/\",\"url\":\"https:\\\/\\\/integraltransformator.com\\\/index.php\\\/yenilenebilir-enerji-sistemleri\\\/\",\"name\":\"Yenilenebilir Enerji Sistemleri -\",\"isPartOf\":{\"@id\":\"https:\\\/\\\/integraltransformator.com\\\/#website\"},\"primaryImageOfPage\":{\"@id\":\"https:\\\/\\\/integraltransformator.com\\\/index.php\\\/yenilenebilir-enerji-sistemleri\\\/#primaryimage\"},\"image\":{\"@id\":\"https:\\\/\\\/integraltransformator.com\\\/index.php\\\/yenilenebilir-enerji-sistemleri\\\/#primaryimage\"},\"thumbnailUrl\":\"http:\\\/\\\/integraltransformator.com\\\/wp-content\\\/uploads\\\/2021\\\/07\\\/cati.jpg\",\"datePublished\":\"2021-07-07T12:20:29+00:00\",\"dateModified\":\"2021-07-08T20:09:49+00:00\",\"breadcrumb\":{\"@id\":\"https:\\\/\\\/integraltransformator.com\\\/index.php\\\/yenilenebilir-enerji-sistemleri\\\/#breadcrumb\"},\"inLanguage\":\"tr\",\"potentialAction\":[{\"@type\":\"ReadAction\",\"target\":[\"https:\\\/\\\/integraltransformator.com\\\/index.php\\\/yenilenebilir-enerji-sistemleri\\\/\"]}]},{\"@type\":\"ImageObject\",\"inLanguage\":\"tr\",\"@id\":\"https:\\\/\\\/integraltransformator.com\\\/index.php\\\/yenilenebilir-enerji-sistemleri\\\/#primaryimage\",\"url\":\"https:\\\/\\\/integraltransformator.com\\\/wp-content\\\/uploads\\\/2021\\\/07\\\/cati.jpg\",\"contentUrl\":\"https:\\\/\\\/integraltransformator.com\\\/wp-content\\\/uploads\\\/2021\\\/07\\\/cati.jpg\",\"width\":800,\"height\":440},{\"@type\":\"BreadcrumbList\",\"@id\":\"https:\\\/\\\/integraltransformator.com\\\/index.php\\\/yenilenebilir-enerji-sistemleri\\\/#breadcrumb\",\"itemListElement\":[{\"@type\":\"ListItem\",\"position\":1,\"name\":\"Anasayfa\",\"item\":\"https:\\\/\\\/integraltransformator.com\\\/\"},{\"@type\":\"ListItem\",\"position\":2,\"name\":\"Yenilenebilir Enerji Sistemleri\"}]},{\"@type\":\"WebSite\",\"@id\":\"https:\\\/\\\/integraltransformator.com\\\/#website\",\"url\":\"https:\\\/\\\/integraltransformator.com\\\/\",\"name\":\"\u0130ntegral Transformat\u00f6r M\u00fchendislik\",\"description\":\"TRAFO MOB\u0130L SERV\u0130S \",\"publisher\":{\"@id\":\"https:\\\/\\\/integraltransformator.com\\\/#organization\"},\"potentialAction\":[{\"@type\":\"SearchAction\",\"target\":{\"@type\":\"EntryPoint\",\"urlTemplate\":\"https:\\\/\\\/integraltransformator.com\\\/?s={search_term_string}\"},\"query-input\":{\"@type\":\"PropertyValueSpecification\",\"valueRequired\":true,\"valueName\":\"search_term_string\"}}],\"inLanguage\":\"tr\"},{\"@type\":\"Organization\",\"@id\":\"https:\\\/\\\/integraltransformator.com\\\/#organization\",\"name\":\"\u0130ntegral Transformator M\u00fchendislik\",\"url\":\"https:\\\/\\\/integraltransformator.com\\\/\",\"logo\":{\"@type\":\"ImageObject\",\"inLanguage\":\"tr\",\"@id\":\"https:\\\/\\\/integraltransformator.com\\\/#\\\/schema\\\/logo\\\/image\\\/\",\"url\":\"http:\\\/\\\/integraltransformator.com\\\/wp-content\\\/uploads\\\/2021\\\/07\\\/cropped-cropped-logo.png\",\"contentUrl\":\"http:\\\/\\\/integraltransformator.com\\\/wp-content\\\/uploads\\\/2021\\\/07\\\/cropped-cropped-logo.png\",\"width\":512,\"height\":512,\"caption\":\"\u0130ntegral Transformator M\u00fchendislik\"},\"image\":{\"@id\":\"https:\\\/\\\/integraltransformator.com\\\/#\\\/schema\\\/logo\\\/image\\\/\"}}]}<\/script>\n<!-- \/ Yoast SEO plugin. -->","yoast_head_json":{"title":"Yenilenebilir Enerji Sistemleri -","robots":{"index":"index","follow":"follow","max-snippet":"max-snippet:-1","max-image-preview":"max-image-preview:large","max-video-preview":"max-video-preview:-1"},"canonical":"https:\/\/integraltransformator.com\/index.php\/yenilenebilir-enerji-sistemleri\/","og_locale":"tr_TR","og_type":"article","og_title":"Yenilenebilir Enerji Sistemleri -","og_description":"Fotovoltaik teknolojisi, G\u00fcne\u015f\u2019ten gelen \u0131\u015f\u0131nlar\u0131n yar\u0131 iletkenlerin \u00fczerine d\u00fc\u015fmesiyle fotonlar\u0131n enerjisinin elektrik enerjisine d\u00f6n\u00fc\u015ft\u00fcr\u00fclmesidir. Her ge\u00e7en g\u00fcn geli\u015fen bu teknoloji ile fotovoltaik sistemler daha yayg\u0131n hale gelmekte ve kurulu g\u00fc\u00e7 kapasitesi h\u0131zla artmaktad\u0131r. S\u00fcrd\u00fcr\u00fclebilir bir D\u00fcnya i\u00e7in kullan\u0131lan enerji kaynaklar\u0131n\u0131n do\u011faya zarar vermemesi, bir di\u011fer tabirle \u00e7evre dostu olmas\u0131 gerekmektedir. Yenilenebilir bir enerji kayna\u011f\u0131 olan [&hellip;]","og_url":"https:\/\/integraltransformator.com\/index.php\/yenilenebilir-enerji-sistemleri\/","article_modified_time":"2021-07-08T20:09:49+00:00","og_image":[{"url":"http:\/\/integraltransformator.com\/wp-content\/uploads\/2021\/07\/cati.jpg","type":"","width":"","height":""}],"twitter_card":"summary_large_image","twitter_misc":{"Tahmini okuma s\u00fcresi":"1 dakika"},"schema":{"@context":"https:\/\/schema.org","@graph":[{"@type":"WebPage","@id":"https:\/\/integraltransformator.com\/index.php\/yenilenebilir-enerji-sistemleri\/","url":"https:\/\/integraltransformator.com\/index.php\/yenilenebilir-enerji-sistemleri\/","name":"Yenilenebilir Enerji Sistemleri -","isPartOf":{"@id":"https:\/\/integraltransformator.com\/#website"},"primaryImageOfPage":{"@id":"https:\/\/integraltransformator.com\/index.php\/yenilenebilir-enerji-sistemleri\/#primaryimage"},"image":{"@id":"https:\/\/integraltransformator.com\/index.php\/yenilenebilir-enerji-sistemleri\/#primaryimage"},"thumbnailUrl":"http:\/\/integraltransformator.com\/wp-content\/uploads\/2021\/07\/cati.jpg","datePublished":"2021-07-07T12:20:29+00:00","dateModified":"2021-07-08T20:09:49+00:00","breadcrumb":{"@id":"https:\/\/integraltransformator.com\/index.php\/yenilenebilir-enerji-sistemleri\/#breadcrumb"},"inLanguage":"tr","potentialAction":[{"@type":"ReadAction","target":["https:\/\/integraltransformator.com\/index.php\/yenilenebilir-enerji-sistemleri\/"]}]},{"@type":"ImageObject","inLanguage":"tr","@id":"https:\/\/integraltransformator.com\/index.php\/yenilenebilir-enerji-sistemleri\/#primaryimage","url":"https:\/\/integraltransformator.com\/wp-content\/uploads\/2021\/07\/cati.jpg","contentUrl":"https:\/\/integraltransformator.com\/wp-content\/uploads\/2021\/07\/cati.jpg","width":800,"height":440},{"@type":"BreadcrumbList","@id":"https:\/\/integraltransformator.com\/index.php\/yenilenebilir-enerji-sistemleri\/#breadcrumb","itemListElement":[{"@type":"ListItem","position":1,"name":"Anasayfa","item":"https:\/\/integraltransformator.com\/"},{"@type":"ListItem","position":2,"name":"Yenilenebilir Enerji Sistemleri"}]},{"@type":"WebSite","@id":"https:\/\/integraltransformator.com\/#website","url":"https:\/\/integraltransformator.com\/","name":"\u0130ntegral Transformat\u00f6r M\u00fchendislik","description":"TRAFO MOB\u0130L SERV\u0130S ","publisher":{"@id":"https:\/\/integraltransformator.com\/#organization"},"potentialAction":[{"@type":"SearchAction","target":{"@type":"EntryPoint","urlTemplate":"https:\/\/integraltransformator.com\/?s={search_term_string}"},"query-input":{"@type":"PropertyValueSpecification","valueRequired":true,"valueName":"search_term_string"}}],"inLanguage":"tr"},{"@type":"Organization","@id":"https:\/\/integraltransformator.com\/#organization","name":"\u0130ntegral Transformator M\u00fchendislik","url":"https:\/\/integraltransformator.com\/","logo":{"@type":"ImageObject","inLanguage":"tr","@id":"https:\/\/integraltransformator.com\/#\/schema\/logo\/image\/","url":"http:\/\/integraltransformator.com\/wp-content\/uploads\/2021\/07\/cropped-cropped-logo.png","contentUrl":"http:\/\/integraltransformator.com\/wp-content\/uploads\/2021\/07\/cropped-cropped-logo.png","width":512,"height":512,"caption":"\u0130ntegral Transformator M\u00fchendislik"},"image":{"@id":"https:\/\/integraltransformator.com\/#\/schema\/logo\/image\/"}}]}},"_links":{"self":[{"href":"https:\/\/integraltransformator.com\/index.php\/wp-json\/wp\/v2\/pages\/268","targetHints":{"allow":["GET"]}}],"collection":[{"href":"https:\/\/integraltransformator.com\/index.php\/wp-json\/wp\/v2\/pages"}],"about":[{"href":"https:\/\/integraltransformator.com\/index.php\/wp-json\/wp\/v2\/types\/page"}],"author":[{"embeddable":true,"href":"https:\/\/integraltransformator.com\/index.php\/wp-json\/wp\/v2\/users\/1"}],"replies":[{"embeddable":true,"href":"https:\/\/integraltransformator.com\/index.php\/wp-json\/wp\/v2\/comments?post=268"}],"version-history":[{"count":2,"href":"https:\/\/integraltransformator.com\/index.php\/wp-json\/wp\/v2\/pages\/268\/revisions"}],"predecessor-version":[{"id":471,"href":"https:\/\/integraltransformator.com\/index.php\/wp-json\/wp\/v2\/pages\/268\/revisions\/471"}],"wp:attachment":[{"href":"https:\/\/integraltransformator.com\/index.php\/wp-json\/wp\/v2\/media?parent=268"}],"curies":[{"name":"wp","href":"https:\/\/api.w.org\/{rel}","templated":true}]}}